ctors of 1461?
3, 487
What are the prime factors of 320?
2, 5
List the prime factors of 31821.
3, 10607
List the prime factors of 5433.
3, 1811
What are the prime factors of 10219?
11, 929
List the prime factors of 60838.
2, 19, 1601
List the prime factors of 1653.
3, 19, 29
List the prime factors of 83501.
11, 7591
List the prime factors of 14959.
7, 2137
List the prime factors of 599.
599
List the prime factors of 1243.
11, 113
What are the prime factors of 2286?
2, 3, 127
List the prime factors of 3775.
5, 151
List the prime factors of 3708.
2, 3, 103
What are the prime factors of 651?
3, 7, 31
List the prime factors of 5742.
2, 3, 11, 29
What are the prime factors of 25630?
2, 5, 11, 233
List the prime factors of 828.
2, 3, 23
List the prime factors of 1630.
2, 5, 163
What are the prime factors of 1265?
5, 11, 23
What are the prime factors of 1936?
2, 11
List the prime factors of 6069.
3, 7, 17
What are the prime factors of 61787?
11, 41, 137
What are the prime factors of 6881?
7, 983
List the prime factors of 19582.
2, 9791
What are the prime factors of 21333?
3, 13, 547
List the prime factors of 611.
13, 47
What are the prime factors of 153545?
5, 7, 41, 107
List the prime factors of 45586.
2, 23, 991
List the prime factors of 871.
13, 67
List the prime factors of 428.
2, 107
What are the prime factors of 19838?
2, 7, 13, 109
List the prime factors of 21927.
3, 7309
List the prime factors of 1259.
1259
What are the prime factors of 1297?
1297
List the prime factors of 58934.
2, 79, 373
What are the prime factors of 4383?
3, 487
What are the prime factors of 43783?
43783
List the prime factors of 6206.
2, 29, 107
What are the prime factors of 39253?
17, 2309
What are the prime factors of 7154?
2, 7, 73
List the prime factors of 482.
2, 241
What are the prime factors of 19299?
3, 7, 919
What are the prime factors of 11683?
7, 1669
List the prime factors of 527.
17, 31
What are the prime factors of 919?
919
List the prime factors of 4406.
2, 2203
What are the prime factors of 18840?
2, 3, 5, 157
What are the prime factors of 84143?
84143
List the prime factors of 3897.
3, 433
List the prime factors of 37471.
7, 53, 101
What are the prime factors of 42691?
11, 3881
What are the prime factors of 1856?
2, 29
List the prime factors of 1038.
2, 3, 173
List the prime factors of 33379.
29, 1151
What are the prime factors of 1201?
1201
List the prime factors of 37421.
23, 1627
List the prime factors of 1314.
2, 3, 73
What are the prime factors of 1996?
2, 499
List the prime factors of 1426.
2, 23, 31
List the prime factors of 141.
3, 47
What are the prime factors of 5286?
2, 3, 881
List the prime factors of 1579.
1579
What are the prime factors of 6539?
13, 503
List the prime factors of 27291.
3, 11, 827
List the prime factors of 18262.
2, 23, 397
List the prime factors of 38672.
2, 2417
List the prime factors of 779.
19, 41
What are the prime factors of 40416?
2, 3, 421
What are the prime factors of 1810?
2, 5, 181
What are the prime factors of 5224?
2, 653
What are the prime factors of 26732?
2, 41, 163
What are the prime factors of 161697?
3, 53899
List the prime factors of 45236.
2, 43, 263
List the prime factors of 41339.
67, 617
List the prime factors of 8619.
3, 13, 17
List the prime factors of 9594.
2, 3, 13, 41
What are the prime factors of 9038?
2, 4519
What are the prime factors of 3887?
13, 23
List the prime factors of 2051.
7, 293
What are the prime factors of 1575?
3, 5, 7
List the prime factors of 73761.
3, 23, 1069
What are the prime factors of 648?
2, 3
What are the prime factors of 165977?
7, 131, 181
What are the prime factors of 71797?
11, 61, 107
List the prime factors of 8389.
8389
List the prime factors of 7500.
2, 3, 5
List the prime factors of 2363.
17, 139
What are the prime factors of 701?
701
List the prime factors of 3047.
11, 277
What are the prime factors of 194360?
2, 5, 43, 113
List the prime factors of 80923.
80923
List the prime factors of 665.
5, 7, 19
What are the prime factors of 628?
2, 157
What are the prime factors of 4017?
3, 13, 103
What are the prime factors of 154590?
2, 3, 5, 5153
What are the prime factors of 645?
3, 5, 43
What are the prime factors of 5959?
59, 101
List the prime factors of 4778.
2, 2389
List the prime factors of 1786.
2, 19, 47
List the prime factors of 3412.
2, 853
List the prime factors of 58448.
2, 13, 281
What are the prime factors of 10797?
3, 59, 61
List the prime factors of 6752.
2, 211
List the prime factors of 1865.
5, 373
List the prime factors of 16320.
2, 3, 5, 17
List the prime factors of 14173.
14173
List the prime factors of 1140.
2, 3, 5, 19
What are the prime factors of 1019?
1019
What are the prime factors of 2887?
2887
List the prime factors of 5559.
3, 17, 109
What are the prime factors of 1223?
1223
What are the prime factors of 8142?
2, 3, 23, 59
What are the prime factors of 69753?
3, 23251
List the prime factors of 34.
2, 17
What are the prime factors of 107805?
3, 5, 7187
What are the prime factors of 6192?
2, 3, 43
List the prime factors of 15755.
5, 23, 137
List the prime factors of 9188.
2, 2297
What are the prime factors of 16883?
16883
List the prime factors of 24800.
2, 5, 31
List the prime factors of 2177.
7, 311
What are the prime factors of 121087?
19, 6373
What are the prime factors of 6764?
2, 19, 89
What are the prime factors of 18564?
2, 3, 7, 13, 17
What are the prime factors of 693?
3, 7, 11
List the prime factors of 44660.
2, 5, 7, 11, 29
List the prime factors of 1450.
2, 5, 29
List the prime factors of 759.
3, 11, 23
What are the prime factors of 183758?
2, 139, 661
What are the prime factors of 587?
587
List the prime factors of 851.
23, 37
What are the prime factors of 6294?
2, 3, 1049
List the prime factors of 17492.
2, 4373
List the prime factors of 1023.
3, 11, 31
List the prime factors of 1380.
2, 3, 5, 23
What are the prime factors of 50370?
2, 3, 5, 23, 73
What are the prime factors of 34?
2, 17
What are the prime factors of 2542?
2, 31, 41
What are the prime factors of 3763?
53, 71
What are the prime factors of 1871?
1871
What are the prime factors of 20945?
5, 59, 71
What are the prime factors of 24489?
3, 907
List the prime factors of 200286.
2, 3, 3709
List the prime factors of 1659.
3, 7, 79
List the prime factors of 7484.
2, 1871
List the prime factors of 99307.
13, 7639
What are the prime factors of 102845?
5, 67, 307
List the prime factors of 2673.
3, 11
List the prime factors of 4102.
2, 7, 293
List the prime factors of 5366.
2, 2683
What are the prime factors of 1928?
2, 241
List the prime factors of 6910.
2, 5, 691
List the prime factors of 4252.
2, 1063
What are the prime factors of 7479?
3, 277
What are the prime factors of 13759?
13759
What are the prime factors of 7831?
41, 191
What are the prime factors of 19882?
2, 9941
What are the prime factors of 11835?
3, 5, 263
What are the prime factors of 4760?
2, 5, 7, 17
What are the prime factors of 6104?
2, 7, 109
What are the prime factors of 1214?
2, 607
List the prime factors of 20338.
2, 10169
List the prime factors of 4267.
17, 251
What are the prime factors of 11605?
5, 11, 211
List the prime factors of 2737.
7, 17, 23
What are the prime factors of 1240?
2, 5, 31
What are the prime factors of 80162?
2, 149, 269
List the prime factors of 923.
13, 71
What are the prime factors of 20072?
2, 13, 193
List the prime factors of 21557.
21557
List the prime factors of 16492.
2, 7, 19, 31
What are the prime factors of 22055?
5, 11, 401
What are the prime factors of 3009?
3, 17, 59
List the prime factors of 882.
2, 3, 7
List the prime factors of 122.
2, 61
List the prime factors of 3140.
2, 5, 157
What are the prime factors of 57689?
57689
List the prime factors of 1779.
3, 593
List the prime factors of 10050.
2, 3, 5, 67
List the prime factors of 19299.
3, 7, 919
What are the prime factors of 3862?
2, 1931
What are the prime factors of 59331?
3, 19777
What are the prime factors of 1161?
3, 43
List the prime factors of 70163.
70163
List the prime factors of 6628.
2, 1657
List the prime factors of 1466.
2, 733
What are the prime factors of 420?
2, 3, 5, 7
What are the prime factors of 1057?
7, 151
What are the prime factors of 7200?
2, 3, 5
What are the prime factors of 408